{"id":2853,"date":"2023-11-13T15:04:55","date_gmt":"2023-11-13T14:04:55","guid":{"rendered":"https:\/\/www.lepontdemazerat.com\/faq\/"},"modified":"2023-11-13T15:04:55","modified_gmt":"2023-11-13T14:04:55","slug":"faq","status":"publish","type":"page","link":"https:\/\/www.lepontdemazerat.com\/de\/faq\/","title":{"rendered":"faq"},"content":{"rendered":"\n<div class=\"wp-container-69f0cfbc4e1d4 wp-block-group\"><div class=\"wp-block-group__inner-container\">\n<h1 class=\"has-text-align-center has-noir-color has-text-color\" id=\"foire-aux-questions\">H\u00e4ufig gestellte Fragen<\/h1>\n\n\n\n<h2 class=\"has-text-align-center\" id=\"une-question-sur-notre-camping-en-perigord\">Eine Frage zu unserem Campingplatz im P\u00e9rigord?<\/h2>\n\n\n\n<p class=\"has-text-align-center h3\" id=\"une-question-nous-y-repondons\">Eine Frage? Wir antworten darauf<\/p>\n\n\n\n<p class=\"has-text-align-center\">F\u00fcr einen unbeschwerten Urlaub im P\u00e9rigord Noir haben wir die<strong> am h\u00e4ufigsten gestellten Fragen und Antworten<\/strong> transkribiert.<\/p>\n\n\n\n<p class=\"has-text-align-center\">Z\u00f6gern Sie nicht, uns zu kontaktieren per <a href=\"https:\/\/www.lepontdemazerat.com\/de\/kontakt\/\" data-type=\"page\" data-id=\"93\">\n  <strong>E-Mail<\/strong>\n<\/a> oder<strong> telefonisch<\/strong>, wenn Sie Ihre Frage nicht finden k\u00f6nnen.<\/p>\n\n\n\n<p class=\"has-text-align-center\">Wir stehen Ihnen gerne zur Verf\u00fcgung.<\/p>\n<\/div><\/div>\n\n<div class=\"wp-block-group accordeon\"><div class=\"wp-block-group__inner-container\">\n<p>In welchem Zeitraum ist der Campingplatz ge\u00f6ffnet?<\/p>\n\n\n\n<div class=\"wp-container-69f0cfbc4e562 wp-block-group\"><div class=\"wp-block-group__inner-container\">\n<p>Er\u00f6ffnungsdaten :<br\/><div itemprop=\"openingHoursSpecification\">Anmietungen vom 27. April bis 30. September<\/div><br\/><div itemprop=\"openingHoursSpecification\">Camping unter freiem Himmel vom 15. Mai bis 30. September<\/div><\/p>\n<\/div><\/div>\n<\/div><\/div>\n\n<div class=\"wp-block-group accordeon\"><div class=\"wp-block-group__inner-container\">\n<p>Gibt es BBQs auf dem Campingplatz?<\/p>\n\n\n\n<div class=\"wp-container-69f0cfbc4e86a wp-block-group\"><div class=\"wp-block-group__inner-container\">\n<p>Auf dem Campingplatz stehen Ihnen mehrere BBQs zur Verf\u00fcgung. Wenn Sie m\u00f6chten, k\u00f6nnen Sie Ihren eigenen mitbringen.<\/p>\n<\/div><\/div>\n<\/div><\/div>\n\n<div class=\"wp-block-group accordeon\"><div class=\"wp-block-group__inner-container\">\n<p>Akzeptieren Sie Tiere?<\/p>\n\n\n\n<div class=\"wp-container-69f0cfbc4eb6e wp-block-group\"><div class=\"wp-block-group__inner-container\">\n<p>Unsere tierischen Freunde sind auf dem Campingplatz willkommen, wenn sie geimpft sind, mit Ausnahme von Hunden der Klasse 1 und 2, die verboten sind. Vom Campingplatz aus starten mehrere Wanderwege f\u00fcr ihren t\u00e4glichen Spaziergang.<strong> Tiere d\u00fcrfen nicht alleine in den Unterk\u00fcnften bleiben<\/strong>. Wir weisen au\u00dferdem darauf hin, dass Tierbesitzer verpflichtet sind, die Hinterlassenschaften ihrer Tiere auf dem Campingplatz zu beseitigen.<\/p>\n<\/div><\/div>\n<\/div><\/div>\n\n<div class=\"wp-block-group accordeon\"><div class=\"wp-block-group__inner-container\">\n<p>Gibt es Wifi auf dem Campingplatz?<\/p>\n\n\n\n<div class=\"wp-container-69f0cfbc4ee59 wp-block-group\"><div class=\"wp-block-group__inner-container\">\n<p>Auf dem gesamten Campingplatz finden Sie WLAN. Fragen Sie an der Rezeption oder in der Bar nach den Zugangscodes.<\/p>\n<\/div><\/div>\n<\/div><\/div>\n\n<div class=\"wp-block-group accordeon\"><div class=\"wp-block-group__inner-container\">\n<p>Gibt es auf dem Campingplatz eine W\u00e4scherei?<\/p>\n\n\n\n<div class=\"wp-container-69f0cfbc4f14e wp-block-group\"><div class=\"wp-block-group__inner-container\">\n<p>Wir stellen Ihnen zwei Waschmaschinen und einen Trockner im Sanit\u00e4rblock zur Verf\u00fcgung.<\/p>\n<\/div><\/div>\n<\/div><\/div>\n\n<div class=\"wp-block-group accordeon\"><div class=\"wp-block-group__inner-container\">\n<p>Wie weit ist die Stadt und der n\u00e4chste Supermarkt entfernt?<\/p>\n\n\n\n<div class=\"wp-container-69f0cfbc4f452 wp-block-group\"><div class=\"wp-block-group__inner-container\">\n<p>Der Campingplatz liegt 10 Minuten von Sarlat entfernt, wo Sie mehrere Superm\u00e4rkte finden.  <\/p>\n<\/div><\/div>\n<\/div><\/div>\n\n<div class=\"wp-block-group accordeon\"><div class=\"wp-block-group__inner-container\">\n<p>Gibt es auf dem Campingplatz eine Brotverkaufsstelle?<\/p>\n\n\n\n<div class=\"wp-container-69f0cfbc4f753 wp-block-group\"><div class=\"wp-block-group__inner-container\">\n<p>Vor Ort finden Sie einen Tante-Emma-Laden, der jeden Morgen auf Bestellung Brot und Geb\u00e4ck anbietet.<\/p>\n<\/div><\/div>\n<\/div><\/div>\n\n<div class=\"wp-block-group accordeon\"><div class=\"wp-block-group__inner-container\">\n<p>Gibt es \u00f6ffentliche Verkehrsmittel?<\/p>\n\n\n\n<div class=\"wp-container-69f0cfbc4fa3f wp-block-group\"><div class=\"wp-block-group__inner-container\">\n<p>Wir befinden uns in einem l\u00e4ndlichen Gebiet. Es gibt keine \u00f6ffentlichen Verkehrsmittel. Das Auto ist unverzichtbar.<\/p>\n<\/div><\/div>\n<\/div><\/div>\n\n<div class=\"wp-block-group accordeon\"><div class=\"wp-block-group__inner-container\">\n<p>Wie sind die \u00d6ffnungszeiten der Rezeption?<\/p>\n\n\n\n<div class=\"wp-container-69f0cfbc4fd42 wp-block-group\"><div class=\"wp-block-group__inner-container\">\n<p>Die Rezeption ist von 9:00 bis 19:00 Uhr ge\u00f6ffnet.<\/p>\n<\/div><\/div>\n<\/div><\/div>\n\n<h2 class=\"h3\" id=\"locations\">Vermietungen<\/h2>\n\n<div class=\"wp-block-group accordeon\"><div class=\"wp-block-group__inner-container\">\n<p>Um wie viel Uhr kann man anreisen und die Unterkunft r\u00e4umen?<\/p>\n\n\n\n<div class=\"wp-container-69f0cfbc5004b wp-block-group\"><div class=\"wp-block-group__inner-container\">\n<p>Die Mietunterk\u00fcnfte sind ab 16 Uhr verf\u00fcgbar und m\u00fcssen bis 10 Uhr ger\u00e4umt werden.<\/p>\n<\/div><\/div>\n<\/div><\/div>\n\n<div class=\"wp-block-group accordeon\"><div class=\"wp-block-group__inner-container\">\n<p>Gibt es Fernsehen in den Unterk\u00fcnften?<\/p>\n\n\n\n<div class=\"wp-container-69f0cfbc50346 wp-block-group\"><div class=\"wp-block-group__inner-container\">\n<p>Unsere Mietunterk\u00fcnfte sind nicht mit einem Fernseher ausgestattet.<\/p>\n<\/div><\/div>\n<\/div><\/div>\n\n<div class=\"wp-block-group accordeon\"><div class=\"wp-block-group__inner-container\">\n<p>Werden Bettw\u00e4sche und Handt\u00fccher bereitgestellt?<\/p>\n\n\n\n<div class=\"wp-container-69f0cfbc50637 wp-block-group\"><div class=\"wp-block-group__inner-container\">\n<p>Bettw\u00e4sche wird nicht gestellt, aber Sie k\u00f6nnen sie mieten, ebenso wie Handt\u00fccher.<\/p>\n<\/div><\/div>\n<\/div><\/div>\n\n<h2 class=\"h3\" id=\"emplacements\">Standorte<\/h2>\n\n<div class=\"wp-block-group accordeon\"><div class=\"wp-block-group__inner-container\">\n<p>Ab welcher Uhrzeit kann man sich auf dem Stellplatz niederlassen?<\/p>\n\n\n\n<div class=\"wp-container-69f0cfbc50960 wp-block-group\"><div class=\"wp-block-group__inner-container\">\n<p>Die Stellpl\u00e4tze sind ab 14 Uhr verf\u00fcgbar.<\/p>\n<\/div><\/div>\n<\/div><\/div>\n\n<div class=\"wp-block-group accordeon\"><div class=\"wp-block-group__inner-container\">\n<p>Zu welchem Zeitpunkt muss man den Standort freigeben?<\/p>\n\n\n\n<div class=\"wp-container-69f0cfbc53677 wp-block-group\"><div class=\"wp-block-group__inner-container\">\n<p>Der Stellplatz muss vor 12 Uhr ger\u00e4umt werden.<\/p>\n<\/div><\/div>\n<\/div><\/div>\n\n<div class=\"wp-block-group accordeon\"><div class=\"wp-block-group__inner-container\">\n<p>Wie gro\u00df sind die Stellpl\u00e4tze?<\/p>\n\n\n\n<div class=\"wp-container-69f0cfbc539a4 wp-block-group\"><div class=\"wp-block-group__inner-container\">\n<p>Unsere Stellpl\u00e4tze sind alle etwa 100 m\u00b2 gro\u00df.<\/p>\n<\/div><\/div>\n<\/div><\/div>\n\n<div class=\"wp-block-group accordeon\"><div class=\"wp-block-group__inner-container\">\n<p>Gibt es Strom auf den Stellpl\u00e4tzen?<\/p>\n\n\n\n<div class=\"wp-container-69f0cfbc53cf7 wp-block-group\"><div class=\"wp-block-group__inner-container\">\n<p>Alle unsere Stellpl\u00e4tze verf\u00fcgen \u00fcber einen Stromanschluss von 10 Ampere.<\/p>\n<\/div><\/div>\n<\/div><\/div>\n\n<div class=\"wp-block-group accordeon\"><div class=\"wp-block-group__inner-container\">\n<p>Muss man einen europ\u00e4ischen Stromadapter mitnehmen?<\/p>\n\n\n\n<div class=\"wp-container-69f0cfbc53ff4 wp-block-group\"><div class=\"wp-block-group__inner-container\">\n<p>Unsere elektrischen Ladestationen sind mit franz\u00f6sischen Steckdosen des Typs E ausgestattet.<\/p>\n<\/div><\/div>\n<\/div><\/div>\n\n<div class=\"wp-block-group accordeon\"><div class=\"wp-block-group__inner-container\">\n<p>Gibt es Stellpl\u00e4tze f\u00fcr Wohnmobile?<\/p>\n\n\n\n<div class=\"wp-container-69f0cfbc542f1 wp-block-group\"><div class=\"wp-block-group__inner-container\">\n<p>Wohnmobile k\u00f6nnen sich auf den Camping-Stellpl\u00e4tzen niederlassen. Wir haben auch 2 speziell reservierte Stellpl\u00e4tze f\u00fcr Wohnmobile, die nur eine Nacht bleiben wollen. (18h &#8211; 10h)<\/p>\n<\/div><\/div>\n<\/div><\/div>\n\n<h2 class=\"h3\" id=\"camping\">Campingplatz<\/h2>\n\n<div class=\"wp-block-group accordeon\"><div class=\"wp-block-group__inner-container\">\n<p>Akzeptieren Sie die ANWB- und ACSI-Karte?<\/p>\n\n\n\n<div class=\"wp-container-69f0cfbc5462f wp-block-group\"><div class=\"wp-block-group__inner-container\">\n<p>Wir akzeptieren sie nicht.<\/p>\n<\/div><\/div>\n<\/div><\/div>\n\n<div class=\"wp-block-group accordeon\"><div class=\"wp-block-group__inner-container\">\n<p>Welche Zahlungsmittel werden akzeptiert?<\/p>\n\n\n\n<div class=\"wp-container-69f0cfbc54939 wp-block-group\"><div class=\"wp-block-group__inner-container\">\n<p>Wir akzeptieren Zahlungen per Kreditkarte, Bank\u00fcberweisung, Scheck und Bargeld.<\/p>\n<\/div><\/div>\n<\/div><\/div>\n\n<div class=\"wp-block-group accordeon\"><div class=\"wp-block-group__inner-container\">\n<p>Wie kann ich online buchen?<\/p>\n\n\n\n<div class=\"wp-container-69f0cfbc54c37 wp-block-group\"><div class=\"wp-block-group__inner-container\">\n<p>Keine Panik. W\u00e4hlen Sie Ihre Aufenthaltsdaten. W\u00e4hlen Sie Ihre Unterkunft aus und klicken Sie auf Buchen. Folgen Sie dann dem Verfahren.<\/p>\n\n\n\n<p>Wenn Sie Probleme haben, wenden Sie sich bitte an uns.<\/p>\n<\/div><\/div>\n<\/div><\/div>\n\n<div class=\"wp-block-group accordeon\"><div class=\"wp-block-group__inner-container\">\n<p>Gibt es eine Reiser\u00fccktrittsversicherung?<\/p>\n\n\n\n<div class=\"wp-container-69f0cfbc54f2e wp-block-group\"><div class=\"wp-block-group__inner-container\">\n<p>Wir arbeiten mit der FFCC (F\u00e9d\u00e9ration Fran\u00e7aise des Campeurs et des Camping-caristes) zusammen. F\u00fcllen Sie das Formular aus und schicken Sie es an die FFCC.<\/p>\n<\/div><\/div>\n<\/div><\/div>\n\n<div class=\"wp-block-group accordeon\"><div class=\"wp-block-group__inner-container\">\n<p>Akzeptieren Sie VACAF-Hilfen?<\/p>\n\n\n\n<div class=\"wp-container-69f0cfbc5523f wp-block-group\"><div class=\"wp-block-group__inner-container\">\n<p>Wir nehmen keine VACAFs an.<\/p>\n<\/div><\/div>\n<\/div><\/div>\n","protected":false},"excerpt":{"rendered":"<p>H\u00e4ufig gestellte Fragen Eine Frage zu unserem Campingplatz im P\u00e9rigord? Eine Frage? Wir antworten darauf F\u00fcr einen unbeschwerten Urlaub im P\u00e9rigord Noir haben wir die am h\u00e4ufigsten gestellten Fragen und Antworten transkribiert. Z\u00f6gern Sie nicht, uns zu kontaktieren per E-Mail oder telefonisch, wenn Sie Ihre Frage nicht finden k\u00f6nnen. Wir stehen Ihnen gerne zur Verf\u00fcgung. [&hellip;]<\/p>\n","protected":false},"author":1,"featured_media":0,"parent":0,"menu_order":0,"comment_status":"closed","ping_status":"closed","template":"","meta":[],"acf":[],"_links":{"self":[{"href":"https:\/\/www.lepontdemazerat.com\/de\/wp-json\/wp\/v2\/pages\/2853"}],"collection":[{"href":"https:\/\/www.lepontdemazerat.com\/de\/wp-json\/wp\/v2\/pages"}],"about":[{"href":"https:\/\/www.lepontdemazerat.com\/de\/wp-json\/wp\/v2\/types\/page"}],"author":[{"embeddable":true,"href":"https:\/\/www.lepontdemazerat.com\/de\/wp-json\/wp\/v2\/users\/1"}],"replies":[{"embeddable":true,"href":"https:\/\/www.lepontdemazerat.com\/de\/wp-json\/wp\/v2\/comments?post=2853"}],"version-history":[{"count":1,"href":"https:\/\/www.lepontdemazerat.com\/de\/wp-json\/wp\/v2\/pages\/2853\/revisions"}],"predecessor-version":[{"id":2854,"href":"https:\/\/www.lepontdemazerat.com\/de\/wp-json\/wp\/v2\/pages\/2853\/revisions\/2854"}],"wp:attachment":[{"href":"https:\/\/www.lepontdemazerat.com\/de\/wp-json\/wp\/v2\/media?parent=2853"}],"curies":[{"name":"wp","href":"https:\/\/api.w.org\/{rel}","templated":true}]}}

<div class="wp-container-69f0cfbc4e1d4 wp-block-group"><div class="wp-block-group__inner-container">
<h1 class="has-text-align-center has-noir-color has-text-color" id="foire-aux-questions">Häufig gestellte Fragen</h1>



<h2 class="has-text-align-center" id="une-question-sur-notre-camping-en-perigord">Eine Frage zu unserem Campingplatz im Périgord?</h2>



<p class="has-text-align-center h3" id="une-question-nous-y-repondons">Eine Frage? Wir antworten darauf</p>



<p class="has-text-align-center">Für einen unbeschwerten Urlaub im Périgord Noir haben wir die<strong> am häufigsten gestellten Fragen und Antworten</strong> transkribiert.</p>



<p class="has-text-align-center">Zögern Sie nicht, uns zu kontaktieren per <a href="https://www.lepontdemazerat.com/de/kontakt/" data-type="page" data-id="93">
  <strong>E-Mail</strong>
</a> oder<strong> telefonisch</strong>, wenn Sie Ihre Frage nicht finden können.</p>



<p class="has-text-align-center">Wir stehen Ihnen gerne zur Verfügung.</p>
</div></div>

<div class="wp-block-group accordeon"><div class="wp-block-group__inner-container">
<p>In welchem Zeitraum ist der Campingplatz geöffnet?</p>



<div class="wp-container-69f0cfbc4e562 wp-block-group"><div class="wp-block-group__inner-container">
<p>Eröffnungsdaten :<br/><div itemprop="openingHoursSpecification">Anmietungen vom 27. April bis 30. September</div><br/><div itemprop="openingHoursSpecification">Camping unter freiem Himmel vom 15. Mai bis 30. September</div></p>
</div></div>
</div></div>

<div class="wp-block-group accordeon"><div class="wp-block-group__inner-container">
<p>Gibt es BBQs auf dem Campingplatz?</p>



<div class="wp-container-69f0cfbc4e86a wp-block-group"><div class="wp-block-group__inner-container">
<p>Auf dem Campingplatz stehen Ihnen mehrere BBQs zur Verfügung. Wenn Sie möchten, können Sie Ihren eigenen mitbringen.</p>
</div></div>
</div></div>

<div class="wp-block-group accordeon"><div class="wp-block-group__inner-container">
<p>Akzeptieren Sie Tiere?</p>



<div class="wp-container-69f0cfbc4eb6e wp-block-group"><div class="wp-block-group__inner-container">
<p>Unsere tierischen Freunde sind auf dem Campingplatz willkommen, wenn sie geimpft sind, mit Ausnahme von Hunden der Klasse 1 und 2, die verboten sind. Vom Campingplatz aus starten mehrere Wanderwege für ihren täglichen Spaziergang.<strong> Tiere dürfen nicht alleine in den Unterkünften bleiben</strong>. Wir weisen außerdem darauf hin, dass Tierbesitzer verpflichtet sind, die Hinterlassenschaften ihrer Tiere auf dem Campingplatz zu beseitigen.</p>
</div></div>
</div></div>

<div class="wp-block-group accordeon"><div class="wp-block-group__inner-container">
<p>Gibt es Wifi auf dem Campingplatz?</p>



<div class="wp-container-69f0cfbc4ee59 wp-block-group"><div class="wp-block-group__inner-container">
<p>Auf dem gesamten Campingplatz finden Sie WLAN. Fragen Sie an der Rezeption oder in der Bar nach den Zugangscodes.</p>
</div></div>
</div></div>

<div class="wp-block-group accordeon"><div class="wp-block-group__inner-container">
<p>Gibt es auf dem Campingplatz eine Wäscherei?</p>



<div class="wp-container-69f0cfbc4f14e wp-block-group"><div class="wp-block-group__inner-container">
<p>Wir stellen Ihnen zwei Waschmaschinen und einen Trockner im Sanitärblock zur Verfügung.</p>
</div></div>
</div></div>

<div class="wp-block-group accordeon"><div class="wp-block-group__inner-container">
<p>Wie weit ist die Stadt und der nächste Supermarkt entfernt?</p>



<div class="wp-container-69f0cfbc4f452 wp-block-group"><div class="wp-block-group__inner-container">
<p>Der Campingplatz liegt 10 Minuten von Sarlat entfernt, wo Sie mehrere Supermärkte finden.  </p>
</div></div>
</div></div>

<div class="wp-block-group accordeon"><div class="wp-block-group__inner-container">
<p>Gibt es auf dem Campingplatz eine Brotverkaufsstelle?</p>



<div class="wp-container-69f0cfbc4f753 wp-block-group"><div class="wp-block-group__inner-container">
<p>Vor Ort finden Sie einen Tante-Emma-Laden, der jeden Morgen auf Bestellung Brot und Gebäck anbietet.</p>
</div></div>
</div></div>

<div class="wp-block-group accordeon"><div class="wp-block-group__inner-container">
<p>Gibt es öffentliche Verkehrsmittel?</p>



<div class="wp-container-69f0cfbc4fa3f wp-block-group"><div class="wp-block-group__inner-container">
<p>Wir befinden uns in einem ländlichen Gebiet. Es gibt keine öffentlichen Verkehrsmittel. Das Auto ist unverzichtbar.</p>
</div></div>
</div></div>

<div class="wp-block-group accordeon"><div class="wp-block-group__inner-container">
<p>Wie sind die Öffnungszeiten der Rezeption?</p>



<div class="wp-container-69f0cfbc4fd42 wp-block-group"><div class="wp-block-group__inner-container">
<p>Die Rezeption ist von 9:00 bis 19:00 Uhr geöffnet.</p>
</div></div>
</div></div>

<h2 class="h3" id="locations">Vermietungen</h2>

<div class="wp-block-group accordeon"><div class="wp-block-group__inner-container">
<p>Um wie viel Uhr kann man anreisen und die Unterkunft räumen?</p>



<div class="wp-container-69f0cfbc5004b wp-block-group"><div class="wp-block-group__inner-container">
<p>Die Mietunterkünfte sind ab 16 Uhr verfügbar und müssen bis 10 Uhr geräumt werden.</p>
</div></div>
</div></div>

<div class="wp-block-group accordeon"><div class="wp-block-group__inner-container">
<p>Gibt es Fernsehen in den Unterkünften?</p>



<div class="wp-container-69f0cfbc50346 wp-block-group"><div class="wp-block-group__inner-container">
<p>Unsere Mietunterkünfte sind nicht mit einem Fernseher ausgestattet.</p>
</div></div>
</div></div>

<div class="wp-block-group accordeon"><div class="wp-block-group__inner-container">
<p>Werden Bettwäsche und Handtücher bereitgestellt?</p>



<div class="wp-container-69f0cfbc50637 wp-block-group"><div class="wp-block-group__inner-container">
<p>Bettwäsche wird nicht gestellt, aber Sie können sie mieten, ebenso wie Handtücher.</p>
</div></div>
</div></div>

<h2 class="h3" id="emplacements">Standorte</h2>

<div class="wp-block-group accordeon"><div class="wp-block-group__inner-container">
<p>Ab welcher Uhrzeit kann man sich auf dem Stellplatz niederlassen?</p>



<div class="wp-container-69f0cfbc50960 wp-block-group"><div class="wp-block-group__inner-container">
<p>Die Stellplätze sind ab 14 Uhr verfügbar.</p>
</div></div>
</div></div>

<div class="wp-block-group accordeon"><div class="wp-block-group__inner-container">
<p>Zu welchem Zeitpunkt muss man den Standort freigeben?</p>



<div class="wp-container-69f0cfbc53677 wp-block-group"><div class="wp-block-group__inner-container">
<p>Der Stellplatz muss vor 12 Uhr geräumt werden.</p>
</div></div>
</div></div>

<div class="wp-block-group accordeon"><div class="wp-block-group__inner-container">
<p>Wie groß sind die Stellplätze?</p>



<div class="wp-container-69f0cfbc539a4 wp-block-group"><div class="wp-block-group__inner-container">
<p>Unsere Stellplätze sind alle etwa 100 m² groß.</p>
</div></div>
</div></div>

<div class="wp-block-group accordeon"><div class="wp-block-group__inner-container">
<p>Gibt es Strom auf den Stellplätzen?</p>



<div class="wp-container-69f0cfbc53cf7 wp-block-group"><div class="wp-block-group__inner-container">
<p>Alle unsere Stellplätze verfügen über einen Stromanschluss von 10 Ampere.</p>
</div></div>
</div></div>

<div class="wp-block-group accordeon"><div class="wp-block-group__inner-container">
<p>Muss man einen europäischen Stromadapter mitnehmen?</p>



<div class="wp-container-69f0cfbc53ff4 wp-block-group"><div class="wp-block-group__inner-container">
<p>Unsere elektrischen Ladestationen sind mit französischen Steckdosen des Typs E ausgestattet.</p>
</div></div>
</div></div>

<div class="wp-block-group accordeon"><div class="wp-block-group__inner-container">
<p>Gibt es Stellplätze für Wohnmobile?</p>



<div class="wp-container-69f0cfbc542f1 wp-block-group"><div class="wp-block-group__inner-container">
<p>Wohnmobile können sich auf den Camping-Stellplätzen niederlassen. Wir haben auch 2 speziell reservierte Stellplätze für Wohnmobile, die nur eine Nacht bleiben wollen. (18h &#8211; 10h)</p>
</div></div>
</div></div>

<h2 class="h3" id="camping">Campingplatz</h2>

<div class="wp-block-group accordeon"><div class="wp-block-group__inner-container">
<p>Akzeptieren Sie die ANWB- und ACSI-Karte?</p>



<div class="wp-container-69f0cfbc5462f wp-block-group"><div class="wp-block-group__inner-container">
<p>Wir akzeptieren sie nicht.</p>
</div></div>
</div></div>

<div class="wp-block-group accordeon"><div class="wp-block-group__inner-container">
<p>Welche Zahlungsmittel werden akzeptiert?</p>



<div class="wp-container-69f0cfbc54939 wp-block-group"><div class="wp-block-group__inner-container">
<p>Wir akzeptieren Zahlungen per Kreditkarte, Banküberweisung, Scheck und Bargeld.</p>
</div></div>
</div></div>

<div class="wp-block-group accordeon"><div class="wp-block-group__inner-container">
<p>Wie kann ich online buchen?</p>



<div class="wp-container-69f0cfbc54c37 wp-block-group"><div class="wp-block-group__inner-container">
<p>Keine Panik. Wählen Sie Ihre Aufenthaltsdaten. Wählen Sie Ihre Unterkunft aus und klicken Sie auf Buchen. Folgen Sie dann dem Verfahren.</p>



<p>Wenn Sie Probleme haben, wenden Sie sich bitte an uns.</p>
</div></div>
</div></div>

<div class="wp-block-group accordeon"><div class="wp-block-group__inner-container">
<p>Gibt es eine Reiserücktrittsversicherung?</p>



<div class="wp-container-69f0cfbc54f2e wp-block-group"><div class="wp-block-group__inner-container">
<p>Wir arbeiten mit der FFCC (Fédération Française des Campeurs et des Camping-caristes) zusammen. Füllen Sie das Formular aus und schicken Sie es an die FFCC.</p>
</div></div>
</div></div>

<div class="wp-block-group accordeon"><div class="wp-block-group__inner-container">
<p>Akzeptieren Sie VACAF-Hilfen?</p>



<div class="wp-container-69f0cfbc5523f wp-block-group"><div class="wp-block-group__inner-container">
<p>Wir nehmen keine VACAFs an.</p>
</div></div>
</div></div>

<p>Häufig gestellte Fragen Eine Frage zu unserem Campingplatz im Périgord? Eine Frage? Wir antworten darauf Für einen unbeschwerten Urlaub im Périgord Noir haben wir die am häufigsten gestellten Fragen und Antworten transkribiert. Zögern Sie nicht, uns zu kontaktieren per E-Mail oder telefonisch, wenn Sie Ihre Frage nicht finden können. Wir stehen Ihnen gerne zur Verfügung. [&hellip;]</p>
