{"id":2877,"date":"2023-11-13T15:05:58","date_gmt":"2023-11-13T14:05:58","guid":{"rendered":"https:\/\/www.lepontdemazerat.com\/vermietungen\/chalets\/"},"modified":"2026-02-05T11:59:14","modified_gmt":"2026-02-05T10:59:14","slug":"chalets","status":"publish","type":"page","link":"https:\/\/www.lepontdemazerat.com\/de\/vermietungen\/chalets\/","title":{"rendered":"Chalets"},"content":{"rendered":"\n<div class=\"wp-block-cover alignfull\"><span aria-hidden=\"true\" class=\"has-background-dim-60 wp-block-cover__gradient-background has-background-dim\"><\/span><img loading=\"lazy\" width=\"1685\" height=\"1123\" class=\"wp-block-cover__image-background wp-image-647\" alt=\"\" src=\"https:\/\/www.lepontdemazerat.com\/wp-content\/uploads\/2022\/12\/chalet-camping-dordogne-le-pont-de-mazerat-terrasse.jpg\" data-object-fit=\"cover\" srcset=\"https:\/\/www.lepontdemazerat.com\/wp-content\/uploads\/2022\/12\/chalet-camping-dordogne-le-pont-de-mazerat-terrasse.jpg 1685w, https:\/\/www.lepontdemazerat.com\/wp-content\/uploads\/2022\/12\/chalet-camping-dordogne-le-pont-de-mazerat-terrasse-300x200.jpg 300w, https:\/\/www.lepontdemazerat.com\/wp-content\/uploads\/2022\/12\/chalet-camping-dordogne-le-pont-de-mazerat-terrasse-1024x682.jpg 1024w, https:\/\/www.lepontdemazerat.com\/wp-content\/uploads\/2022\/12\/chalet-camping-dordogne-le-pont-de-mazerat-terrasse-768x512.jpg 768w, https:\/\/www.lepontdemazerat.com\/wp-content\/uploads\/2022\/12\/chalet-camping-dordogne-le-pont-de-mazerat-terrasse-1536x1024.jpg 1536w\" sizes=\"(max-width: 1685px) 100vw, 1685px\" \/><div class=\"wp-block-cover__inner-container\">\n<p class=\"has-text-align-center has-large-font-size\"><\/p>\n<\/div><\/div>\n\n\n\n<div class=\"wp-block-columns alignwide\">\n<div class=\"wp-block-column padding-t-b\" style=\"flex-basis:32%\">\n<h1 id=\"location-de-chalet-en-dordogne-pres-de-sarlat\">Chalet mieten in der Dordogne in der N\u00e4he von Sarlat<\/h1>\n\n\n\n<p>Sind Sie sich nicht sicher, ob Sie ein <a href=\"https:\/\/www.lepontdemazerat.com\/de\/vermietungen\/mobilheim-aquitaine\/\">Mobilheim<\/a>, eine <a rel=\"noreferrer noopener\" href=\"https:\/\/www.lepontdemazerat.com\/de\/vermietungen\/ungewoehnliche-unterkuenfte\/\" data-type=\"page\" data-id=\"2889\" target=\"_blank\">ungew\u00f6hnliche Unterkunft<\/a> oder ein <strong>Chalet in der Dordogne mieten<\/strong> sollen? Wenn Sie <strong>ein Chalet<\/strong> auf einem <a rel=\"noreferrer noopener\" href=\"https:\/\/www.lepontdemazerat.com\/de\/\" data-type=\"page\" data-id=\"5\" target=\"_blank\">Campingplatz in der Dordogne<\/a> f\u00fcr Ihren <a rel=\"noreferrer noopener\" href=\"https:\/\/www.lepontdemazerat.com\/de\/umgebung\/\" data-type=\"page\" data-id=\"579\" target=\"_blank\">Urlaub im P\u00e9rigord <\/a> <strong>mieten<\/strong> m\u00f6chten, z\u00f6gern Sie nicht l\u00e4nger. Zwischen <strong>Sarlat<\/strong> und der <strong>H\u00f6hle von Lascaux<\/strong> liegt unser Chalet aus <strong>Holz und Natur<\/strong> mit allem <strong>Komfort<\/strong>. Gut in seine Umgebung am Waldrand integriert, erleben Sie das Camping in einer <strong>komfortablen und kokonartigen Ferienunterkunft in der Dordogne<\/strong>.<\/p>\n\n\n\n<ul class=\"pictos col-4\"><li><i class=\"fas fa-backpack\"><\/i>  F\u00fcr 5 Personen<\/li><li><i class=\"fas fa-umbrella-beach\"><\/i>  \u00dcberdachte Terrasse<\/li><li><i class=\"fas fa-bed-front\"><\/i>  2 Zimmer<\/li><li><i class=\"fas fa-house-tree\"><\/i>  Ausgestattetes Chalet<\/li><\/ul>\n\n\n\n<div class=\"wp-container-69f585bb4a150 wp-block-buttons\">\n<div class=\"wp-block-button btn_resa\"><a class=\"wp-block-button__link\">Buchen Sie schnell!<\/a><\/div>\n<\/div>\n<\/div>\n\n\n\n<div class=\"wp-block-column\">\n<figure class=\"wp-block-gallery alignfull has-nested-images columns-4 is-cropped diaporama--2 gal_overflow\">\n<figure class=\"wp-block-image size-large\"><img loading=\"lazy\" width=\"1024\" height=\"682\" src=\"https:\/\/www.lepontdemazerat.com\/wp-content\/uploads\/2023\/01\/chalet-terrasse-camping-le-Pont-de-Mazerat-1024x682-1.jpg\" alt=\"vermietung chalet dordogne\" class=\"wp-image-757\" srcset=\"https:\/\/www.lepontdemazerat.com\/wp-content\/uploads\/2023\/01\/chalet-terrasse-camping-le-Pont-de-Mazerat-1024x682-1.jpg 1024w, https:\/\/www.lepontdemazerat.com\/wp-content\/uploads\/2023\/01\/chalet-terrasse-camping-le-Pont-de-Mazerat-1024x682-1-300x200.jpg 300w, https:\/\/www.lepontdemazerat.com\/wp-content\/uploads\/2023\/01\/chalet-terrasse-camping-le-Pont-de-Mazerat-1024x682-1-768x512.jpg 768w\" sizes=\"(max-width: 1024px) 100vw, 1024px\" \/><\/figure>\n\n\n\n<figure class=\"wp-block-image size-large\"><img loading=\"lazy\" width=\"1024\" height=\"682\" src=\"https:\/\/www.lepontdemazerat.com\/wp-content\/uploads\/2023\/01\/chalet-dordogne-camping-le-pont-de-mazerat-1024x682-1.jpg\" alt=\"chalet perigord noir\" class=\"wp-image-747\" srcset=\"https:\/\/www.lepontdemazerat.com\/wp-content\/uploads\/2023\/01\/chalet-dordogne-camping-le-pont-de-mazerat-1024x682-1.jpg 1024w, https:\/\/www.lepontdemazerat.com\/wp-content\/uploads\/2023\/01\/chalet-dordogne-camping-le-pont-de-mazerat-1024x682-1-300x200.jpg 300w, https:\/\/www.lepontdemazerat.com\/wp-content\/uploads\/2023\/01\/chalet-dordogne-camping-le-pont-de-mazerat-1024x682-1-768x512.jpg 768w\" sizes=\"(max-width: 1024px) 100vw, 1024px\" \/><\/figure>\n\n\n\n<figure class=\"wp-block-image size-large\"><img loading=\"lazy\" width=\"1024\" height=\"683\" src=\"https:\/\/www.lepontdemazerat.com\/wp-content\/uploads\/2023\/01\/chalet-camping-sarlat-le-pont-de-mazerat-cuisine-1024x683-1.jpg\" alt=\"\" class=\"wp-image-746\" srcset=\"https:\/\/www.lepontdemazerat.com\/wp-content\/uploads\/2023\/01\/chalet-camping-sarlat-le-pont-de-mazerat-cuisine-1024x683-1.jpg 1024w, https:\/\/www.lepontdemazerat.com\/wp-content\/uploads\/2023\/01\/chalet-camping-sarlat-le-pont-de-mazerat-cuisine-1024x683-1-300x200.jpg 300w, https:\/\/www.lepontdemazerat.com\/wp-content\/uploads\/2023\/01\/chalet-camping-sarlat-le-pont-de-mazerat-cuisine-1024x683-1-768x512.jpg 768w\" sizes=\"(max-width: 1024px) 100vw, 1024px\" \/><\/figure>\n\n\n\n<figure class=\"wp-block-image size-large\"><img loading=\"lazy\" width=\"1024\" height=\"682\" src=\"https:\/\/www.lepontdemazerat.com\/wp-content\/uploads\/2023\/01\/chalet-camping-dordogne-le-pont-de-mazerat-terrasse-1024x682-1.jpg\" alt=\"vermietung chalet mit terrasse in dordogne\" class=\"wp-image-750\" srcset=\"https:\/\/www.lepontdemazerat.com\/wp-content\/uploads\/2023\/01\/chalet-camping-dordogne-le-pont-de-mazerat-terrasse-1024x682-1.jpg 1024w, https:\/\/www.lepontdemazerat.com\/wp-content\/uploads\/2023\/01\/chalet-camping-dordogne-le-pont-de-mazerat-terrasse-1024x682-1-300x200.jpg 300w, https:\/\/www.lepontdemazerat.com\/wp-content\/uploads\/2023\/01\/chalet-camping-dordogne-le-pont-de-mazerat-terrasse-1024x682-1-768x512.jpg 768w\" sizes=\"(max-width: 1024px) 100vw, 1024px\" \/><\/figure>\n\n\n\n<figure class=\"wp-block-image size-large\"><img loading=\"lazy\" width=\"1024\" height=\"682\" src=\"https:\/\/www.lepontdemazerat.com\/wp-content\/uploads\/2023\/01\/chalet-dordogne-perigord-camping-le-pont-de-mazerat-1024x682-1.jpg\" alt=\"vermietung chalet sarlat\" class=\"wp-image-753\" srcset=\"https:\/\/www.lepontdemazerat.com\/wp-content\/uploads\/2023\/01\/chalet-dordogne-perigord-camping-le-pont-de-mazerat-1024x682-1.jpg 1024w, https:\/\/www.lepontdemazerat.com\/wp-content\/uploads\/2023\/01\/chalet-dordogne-perigord-camping-le-pont-de-mazerat-1024x682-1-300x200.jpg 300w, https:\/\/www.lepontdemazerat.com\/wp-content\/uploads\/2023\/01\/chalet-dordogne-perigord-camping-le-pont-de-mazerat-1024x682-1-768x512.jpg 768w\" sizes=\"(max-width: 1024px) 100vw, 1024px\" \/><\/figure>\n\n\n\n<figure class=\"wp-block-image size-large\"><img loading=\"lazy\" width=\"1024\" height=\"682\" src=\"https:\/\/www.lepontdemazerat.com\/wp-content\/uploads\/2023\/01\/chalet-camping-dordogne-le-pont-de-mazerat-livingroom-1024x682-1.jpg\" alt=\"camping dordogne mit chalet\" class=\"wp-image-755\" srcset=\"https:\/\/www.lepontdemazerat.com\/wp-content\/uploads\/2023\/01\/chalet-camping-dordogne-le-pont-de-mazerat-livingroom-1024x682-1.jpg 1024w, https:\/\/www.lepontdemazerat.com\/wp-content\/uploads\/2023\/01\/chalet-camping-dordogne-le-pont-de-mazerat-livingroom-1024x682-1-300x200.jpg 300w, https:\/\/www.lepontdemazerat.com\/wp-content\/uploads\/2023\/01\/chalet-camping-dordogne-le-pont-de-mazerat-livingroom-1024x682-1-768x512.jpg 768w\" sizes=\"(max-width: 1024px) 100vw, 1024px\" \/><\/figure>\n<\/figure>\n<\/div>\n<\/div>\n\n\n\n<h2 class=\"has-text-align-center\" id=\"voir-les-disponibilites-du-chalet\">Sehen Sie die Verf\u00fcgbarkeit des Chalets<\/h2>\n\n\n<p><ctv-product data-product-id=\"42178\"><\/ctv-product><\/p>\n\n\n\n<div class=\"wp-block-columns alignfull are-vertically-aligned-center reverse-mob has-fond-background-color has-background\">\n<div class=\"wp-block-column is-vertically-aligned-center\">\n<figure class=\"wp-block-image size-full is-resized\"><img loading=\"lazy\" src=\"https:\/\/www.lepontdemazerat.com\/wp-content\/uploads\/2023\/01\/chalet.jpg\" alt=\"\" class=\"wp-image-745\" width=\"640\" height=\"427\" srcset=\"https:\/\/www.lepontdemazerat.com\/wp-content\/uploads\/2023\/01\/chalet.jpg 640w, https:\/\/www.lepontdemazerat.com\/wp-content\/uploads\/2023\/01\/chalet-300x200.jpg 300w\" sizes=\"(max-width: 640px) 100vw, 640px\" \/><\/figure>\n<\/div>\n\n\n\n<div class=\"wp-block-column is-vertically-aligned-center\" style=\"flex-basis:50%\">\n<h2 id=\"cyprum-itidem-insulam-procul-a-continenti-discretam-1\">Ein Familienchalet in der Dordogne in der N\u00e4he von Sarlat<\/h2>\n\n\n\n<p>Das <strong>Familienchalet<\/strong> wurde auf einem <strong>gro\u00dfen Grundst\u00fcck<\/strong> errichtet und hat eine Fl\u00e4che von <strong>35m\u00b2<\/strong>. Es ist gro\u00df genug, um eine f\u00fcnfk\u00f6pfige<strong> Familie<\/strong> zu beherbergen.<\/p>\n\n\n\n<p>Warum lassen Sie Ihre Kinder nicht einfach frei auf dem Campingplatz spielen, w\u00e4hrend Sie Ihre Besichtigungen planen und dabei einen Kaffee auf dem <strong>Sofa im Wohnzimmer<\/strong> trinken?<\/p>\n\n\n\n<p>Versuchen Sie sich in der <strong>voll ausgestatteten K\u00fcche<\/strong> an der <strong>Gastronomie des P\u00e9rigord<\/strong>. Und genie\u00dfen Sie Ihre Gerichte auf der <strong>\u00fcberdachten Terrasse<\/strong>, w\u00e4hrend Sie die Frische eines<strong> sch\u00f6nen Abends mit Sternenhimmel in der Dordogne<\/strong> genie\u00dfen.<\/p>\n\n\n\n<div class=\"wp-container-69f585bb4a778 wp-block-buttons\">\n<div class=\"wp-block-button btn_resa\"><a class=\"wp-block-button__link has-vert-background-color has-background\" href=\"https:\/\/www.lepontdemazerat.com\/de\/vermietungen\/\">Entdecken Sie alle Unterk\u00fcnfte<\/a><\/div>\n<\/div>\n<\/div>\n<\/div>\n","protected":false},"excerpt":{"rendered":"<p>Chalet mieten in der Dordogne in der N\u00e4he von Sarlat Sind Sie sich nicht sicher, ob Sie ein Mobilheim, eine ungew\u00f6hnliche Unterkunft oder ein Chalet in der Dordogne mieten sollen? Wenn Sie ein Chalet auf einem Campingplatz in der Dordogne f\u00fcr Ihren Urlaub im P\u00e9rigord mieten m\u00f6chten, z\u00f6gern Sie nicht l\u00e4nger. Zwischen Sarlat und der [&hellip;]<\/p>\n","protected":false},"author":1,"featured_media":2755,"parent":2866,"menu_order":0,"comment_status":"closed","ping_status":"closed","template":"","meta":[],"acf":[],"_links":{"self":[{"href":"https:\/\/www.lepontdemazerat.com\/de\/wp-json\/wp\/v2\/pages\/2877"}],"collection":[{"href":"https:\/\/www.lepontdemazerat.com\/de\/wp-json\/wp\/v2\/pages"}],"about":[{"href":"https:\/\/www.lepontdemazerat.com\/de\/wp-json\/wp\/v2\/types\/page"}],"author":[{"embeddable":true,"href":"https:\/\/www.lepontdemazerat.com\/de\/wp-json\/wp\/v2\/users\/1"}],"replies":[{"embeddable":true,"href":"https:\/\/www.lepontdemazerat.com\/de\/wp-json\/wp\/v2\/comments?post=2877"}],"version-history":[{"count":6,"href":"https:\/\/www.lepontdemazerat.com\/de\/wp-json\/wp\/v2\/pages\/2877\/revisions"}],"predecessor-version":[{"id":4852,"href":"https:\/\/www.lepontdemazerat.com\/de\/wp-json\/wp\/v2\/pages\/2877\/revisions\/4852"}],"up":[{"embeddable":true,"href":"https:\/\/www.lepontdemazerat.com\/de\/wp-json\/wp\/v2\/pages\/2866"}],"wp:featuredmedia":[{"embeddable":true,"href":"https:\/\/www.lepontdemazerat.com\/de\/wp-json\/wp\/v2\/media\/2755"}],"wp:attachment":[{"href":"https:\/\/www.lepontdemazerat.com\/de\/wp-json\/wp\/v2\/media?parent=2877"}],"curies":[{"name":"wp","href":"https:\/\/api.w.org\/{rel}","templated":true}]}}

<div class="wp-block-cover alignfull"><span aria-hidden="true" class="has-background-dim-60 wp-block-cover__gradient-background has-background-dim"></span><img loading="lazy" width="1685" height="1123" class="wp-block-cover__image-background wp-image-647" alt="" src="https://www.lepontdemazerat.com/wp-content/uploads/2022/12/chalet-camping-dordogne-le-pont-de-mazerat-terrasse.jpg" data-object-fit="cover" srcset="https://www.lepontdemazerat.com/wp-content/uploads/2022/12/chalet-camping-dordogne-le-pont-de-mazerat-terrasse.jpg 1685w, https://www.lepontdemazerat.com/wp-content/uploads/2022/12/chalet-camping-dordogne-le-pont-de-mazerat-terrasse-300x200.jpg 300w, https://www.lepontdemazerat.com/wp-content/uploads/2022/12/chalet-camping-dordogne-le-pont-de-mazerat-terrasse-1024x682.jpg 1024w, https://www.lepontdemazerat.com/wp-content/uploads/2022/12/chalet-camping-dordogne-le-pont-de-mazerat-terrasse-768x512.jpg 768w, https://www.lepontdemazerat.com/wp-content/uploads/2022/12/chalet-camping-dordogne-le-pont-de-mazerat-terrasse-1536x1024.jpg 1536w" sizes="(max-width: 1685px) 100vw, 1685px" /><div class="wp-block-cover__inner-container">
<p class="has-text-align-center has-large-font-size"></p>
</div></div>



<div class="wp-block-columns alignwide">
<div class="wp-block-column padding-t-b" style="flex-basis:32%">
<h1 id="location-de-chalet-en-dordogne-pres-de-sarlat">Chalet mieten in der Dordogne in der Nähe von Sarlat</h1>



<p>Sind Sie sich nicht sicher, ob Sie ein <a href="https://www.lepontdemazerat.com/de/vermietungen/mobilheim-aquitaine/">Mobilheim</a>, eine <a rel="noreferrer noopener" href="https://www.lepontdemazerat.com/de/vermietungen/ungewoehnliche-unterkuenfte/" data-type="page" data-id="2889" target="_blank">ungewöhnliche Unterkunft</a> oder ein <strong>Chalet in der Dordogne mieten</strong> sollen? Wenn Sie <strong>ein Chalet</strong> auf einem <a rel="noreferrer noopener" href="https://www.lepontdemazerat.com/de/" data-type="page" data-id="5" target="_blank">Campingplatz in der Dordogne</a> für Ihren <a rel="noreferrer noopener" href="https://www.lepontdemazerat.com/de/umgebung/" data-type="page" data-id="579" target="_blank">Urlaub im Périgord </a> <strong>mieten</strong> möchten, zögern Sie nicht länger. Zwischen <strong>Sarlat</strong> und der <strong>Höhle von Lascaux</strong> liegt unser Chalet aus <strong>Holz und Natur</strong> mit allem <strong>Komfort</strong>. Gut in seine Umgebung am Waldrand integriert, erleben Sie das Camping in einer <strong>komfortablen und kokonartigen Ferienunterkunft in der Dordogne</strong>.</p>



<ul class="pictos col-4"><li><i class="fas fa-backpack"></i>  Für 5 Personen</li><li><i class="fas fa-umbrella-beach"></i>  Überdachte Terrasse</li><li><i class="fas fa-bed-front"></i>  2 Zimmer</li><li><i class="fas fa-house-tree"></i>  Ausgestattetes Chalet</li></ul>



<div class="wp-container-69f585bb4a150 wp-block-buttons">
<div class="wp-block-button btn_resa"><a class="wp-block-button__link">Buchen Sie schnell!</a></div>
</div>
</div>



<div class="wp-block-column">
<figure class="wp-block-gallery alignfull has-nested-images columns-4 is-cropped diaporama--2 gal_overflow">
<figure class="wp-block-image size-large"><img loading="lazy" width="1024" height="682" src="https://www.lepontdemazerat.com/wp-content/uploads/2023/01/chalet-terrasse-camping-le-Pont-de-Mazerat-1024x682-1.jpg" alt="vermietung chalet dordogne" class="wp-image-757" srcset="https://www.lepontdemazerat.com/wp-content/uploads/2023/01/chalet-terrasse-camping-le-Pont-de-Mazerat-1024x682-1.jpg 1024w, https://www.lepontdemazerat.com/wp-content/uploads/2023/01/chalet-terrasse-camping-le-Pont-de-Mazerat-1024x682-1-300x200.jpg 300w, https://www.lepontdemazerat.com/wp-content/uploads/2023/01/chalet-terrasse-camping-le-Pont-de-Mazerat-1024x682-1-768x512.jpg 768w" sizes="(max-width: 1024px) 100vw, 1024px" /></figure>



<figure class="wp-block-image size-large"><img loading="lazy" width="1024" height="682" src="https://www.lepontdemazerat.com/wp-content/uploads/2023/01/chalet-dordogne-camping-le-pont-de-mazerat-1024x682-1.jpg" alt="chalet perigord noir" class="wp-image-747" srcset="https://www.lepontdemazerat.com/wp-content/uploads/2023/01/chalet-dordogne-camping-le-pont-de-mazerat-1024x682-1.jpg 1024w, https://www.lepontdemazerat.com/wp-content/uploads/2023/01/chalet-dordogne-camping-le-pont-de-mazerat-1024x682-1-300x200.jpg 300w, https://www.lepontdemazerat.com/wp-content/uploads/2023/01/chalet-dordogne-camping-le-pont-de-mazerat-1024x682-1-768x512.jpg 768w" sizes="(max-width: 1024px) 100vw, 1024px" /></figure>



<figure class="wp-block-image size-large"><img loading="lazy" width="1024" height="683" src="https://www.lepontdemazerat.com/wp-content/uploads/2023/01/chalet-camping-sarlat-le-pont-de-mazerat-cuisine-1024x683-1.jpg" alt="" class="wp-image-746" srcset="https://www.lepontdemazerat.com/wp-content/uploads/2023/01/chalet-camping-sarlat-le-pont-de-mazerat-cuisine-1024x683-1.jpg 1024w, https://www.lepontdemazerat.com/wp-content/uploads/2023/01/chalet-camping-sarlat-le-pont-de-mazerat-cuisine-1024x683-1-300x200.jpg 300w, https://www.lepontdemazerat.com/wp-content/uploads/2023/01/chalet-camping-sarlat-le-pont-de-mazerat-cuisine-1024x683-1-768x512.jpg 768w" sizes="(max-width: 1024px) 100vw, 1024px" /></figure>



<figure class="wp-block-image size-large"><img loading="lazy" width="1024" height="682" src="https://www.lepontdemazerat.com/wp-content/uploads/2023/01/chalet-camping-dordogne-le-pont-de-mazerat-terrasse-1024x682-1.jpg" alt="vermietung chalet mit terrasse in dordogne" class="wp-image-750" srcset="https://www.lepontdemazerat.com/wp-content/uploads/2023/01/chalet-camping-dordogne-le-pont-de-mazerat-terrasse-1024x682-1.jpg 1024w, https://www.lepontdemazerat.com/wp-content/uploads/2023/01/chalet-camping-dordogne-le-pont-de-mazerat-terrasse-1024x682-1-300x200.jpg 300w, https://www.lepontdemazerat.com/wp-content/uploads/2023/01/chalet-camping-dordogne-le-pont-de-mazerat-terrasse-1024x682-1-768x512.jpg 768w" sizes="(max-width: 1024px) 100vw, 1024px" /></figure>



<figure class="wp-block-image size-large"><img loading="lazy" width="1024" height="682" src="https://www.lepontdemazerat.com/wp-content/uploads/2023/01/chalet-dordogne-perigord-camping-le-pont-de-mazerat-1024x682-1.jpg" alt="vermietung chalet sarlat" class="wp-image-753" srcset="https://www.lepontdemazerat.com/wp-content/uploads/2023/01/chalet-dordogne-perigord-camping-le-pont-de-mazerat-1024x682-1.jpg 1024w, https://www.lepontdemazerat.com/wp-content/uploads/2023/01/chalet-dordogne-perigord-camping-le-pont-de-mazerat-1024x682-1-300x200.jpg 300w, https://www.lepontdemazerat.com/wp-content/uploads/2023/01/chalet-dordogne-perigord-camping-le-pont-de-mazerat-1024x682-1-768x512.jpg 768w" sizes="(max-width: 1024px) 100vw, 1024px" /></figure>



<figure class="wp-block-image size-large"><img loading="lazy" width="1024" height="682" src="https://www.lepontdemazerat.com/wp-content/uploads/2023/01/chalet-camping-dordogne-le-pont-de-mazerat-livingroom-1024x682-1.jpg" alt="camping dordogne mit chalet" class="wp-image-755" srcset="https://www.lepontdemazerat.com/wp-content/uploads/2023/01/chalet-camping-dordogne-le-pont-de-mazerat-livingroom-1024x682-1.jpg 1024w, https://www.lepontdemazerat.com/wp-content/uploads/2023/01/chalet-camping-dordogne-le-pont-de-mazerat-livingroom-1024x682-1-300x200.jpg 300w, https://www.lepontdemazerat.com/wp-content/uploads/2023/01/chalet-camping-dordogne-le-pont-de-mazerat-livingroom-1024x682-1-768x512.jpg 768w" sizes="(max-width: 1024px) 100vw, 1024px" /></figure>
</figure>
</div>
</div>



<h2 class="has-text-align-center" id="voir-les-disponibilites-du-chalet">Sehen Sie die Verfügbarkeit des Chalets</h2>


<p><ctv-product data-product-id="42178"></ctv-product></p>



<div class="wp-block-columns alignfull are-vertically-aligned-center reverse-mob has-fond-background-color has-background">
<div class="wp-block-column is-vertically-aligned-center">
<figure class="wp-block-image size-full is-resized"><img loading="lazy" src="https://www.lepontdemazerat.com/wp-content/uploads/2023/01/chalet.jpg" alt="" class="wp-image-745" width="640" height="427" srcset="https://www.lepontdemazerat.com/wp-content/uploads/2023/01/chalet.jpg 640w, https://www.lepontdemazerat.com/wp-content/uploads/2023/01/chalet-300x200.jpg 300w" sizes="(max-width: 640px) 100vw, 640px" /></figure>
</div>



<div class="wp-block-column is-vertically-aligned-center" style="flex-basis:50%">
<h2 id="cyprum-itidem-insulam-procul-a-continenti-discretam-1">Ein Familienchalet in der Dordogne in der Nähe von Sarlat</h2>



<p>Das <strong>Familienchalet</strong> wurde auf einem <strong>großen Grundstück</strong> errichtet und hat eine Fläche von <strong>35m²</strong>. Es ist groß genug, um eine fünfköpfige<strong> Familie</strong> zu beherbergen.</p>



<p>Warum lassen Sie Ihre Kinder nicht einfach frei auf dem Campingplatz spielen, während Sie Ihre Besichtigungen planen und dabei einen Kaffee auf dem <strong>Sofa im Wohnzimmer</strong> trinken?</p>



<p>Versuchen Sie sich in der <strong>voll ausgestatteten Küche</strong> an der <strong>Gastronomie des Périgord</strong>. Und genießen Sie Ihre Gerichte auf der <strong>überdachten Terrasse</strong>, während Sie die Frische eines<strong> schönen Abends mit Sternenhimmel in der Dordogne</strong> genießen.</p>



<div class="wp-container-69f585bb4a778 wp-block-buttons">
<div class="wp-block-button btn_resa"><a class="wp-block-button__link has-vert-background-color has-background" href="https://www.lepontdemazerat.com/de/vermietungen/">Entdecken Sie alle Unterkünfte</a></div>
</div>
</div>
</div>

<p>Chalet mieten in der Dordogne in der Nähe von Sarlat Sind Sie sich nicht sicher, ob Sie ein Mobilheim, eine ungewöhnliche Unterkunft oder ein Chalet in der Dordogne mieten sollen? Wenn Sie ein Chalet auf einem Campingplatz in der Dordogne für Ihren Urlaub im Périgord mieten möchten, zögern Sie nicht länger. Zwischen Sarlat und der [&hellip;]</p>
