{"id":2192,"date":"2023-04-26T10:24:02","date_gmt":"2023-04-26T08:24:02","guid":{"rendered":"https:\/\/www.lepontdemazerat.com\/faq\/"},"modified":"2025-04-02T17:30:02","modified_gmt":"2025-04-02T15:30:02","slug":"faq","status":"publish","type":"page","link":"https:\/\/www.lepontdemazerat.com\/nl\/faq\/","title":{"rendered":"faq"},"content":{"rendered":"\n<div class=\"wp-block-cover alignfull\"><span aria-hidden=\"true\" class=\"has-background-dim-60 wp-block-cover__gradient-background has-background-dim\"><\/span><img loading=\"lazy\" width=\"1967\" height=\"1105\" class=\"wp-block-cover__image-background wp-image-537\" alt=\"FAQ camping bij sarlat in de dordogne\" src=\"https:\/\/www.lepontdemazerat.com\/wp-content\/uploads\/2022\/12\/drone-16-redim.jpg\" data-object-fit=\"cover\" srcset=\"https:\/\/www.lepontdemazerat.com\/wp-content\/uploads\/2022\/12\/drone-16-redim.jpg 1967w, https:\/\/www.lepontdemazerat.com\/wp-content\/uploads\/2022\/12\/drone-16-redim-300x169.jpg 300w, https:\/\/www.lepontdemazerat.com\/wp-content\/uploads\/2022\/12\/drone-16-redim-1024x575.jpg 1024w, https:\/\/www.lepontdemazerat.com\/wp-content\/uploads\/2022\/12\/drone-16-redim-768x431.jpg 768w, https:\/\/www.lepontdemazerat.com\/wp-content\/uploads\/2022\/12\/drone-16-redim-1536x864.jpg 1536w, https:\/\/www.lepontdemazerat.com\/wp-content\/uploads\/2022\/12\/drone-16-redim-1920x1080.jpg 1920w\" sizes=\"(max-width: 1967px) 100vw, 1967px\" \/><div class=\"wp-block-cover__inner-container\">\n<p class=\"has-text-align-center has-large-font-size\"><\/p>\n<\/div><\/div>\n\n\n\n<div class=\"wp-container-69f0cfcc17048 wp-block-group\"><div class=\"wp-block-group__inner-container\">\n<h1 class=\"has-text-align-center has-noir-color has-text-color\" id=\"foire-aux-questions-du-camping-proche-de-sarlat\">Vaak gestelde vragen<\/h1>\n\n\n\n<p class=\"has-text-align-center h3\" id=\"une-question-nous-y-repondons\">Nog vragen? Wij reageren hierop<\/p>\n\n\n\n<p class=\"has-text-align-center\">Voor een ontspannen <a href=\"https:\/\/www.lepontdemazerat.com\/nl\/\">kampeervakantie in de buurt van Sarlat<\/a>, hebben we de<strong> meest gestelde vragen en antwoorden<\/strong> op een rijtje gezet.<\/p>\n\n\n\n<p class=\"has-text-align-center\">Aarzel niet om <strong>contact <\/strong>met ons op te nemen via <a href=\"https:\/\/www.lepontdemazerat.com\/nl\/contact\/\" data-type=\"page\" data-id=\"93\">e-mail<\/a> of per <a href=\"tel:+33553291495\">telefoon<\/a>, als u uw vraag niet kunt vinden.<\/p>\n\n\n\n<p class=\"has-text-align-center\">We staan tot uw beschikking.<\/p>\n<\/div><\/div>\n\n\n\n<div class=\"wp-block-group accordeon\"><div class=\"wp-block-group__inner-container\">\n<p>Wanneer is de camping open?<\/p>\n\n\n\n<div class=\"wp-container-69f0cfcc17375 wp-block-group\"><div class=\"wp-block-group__inner-container\">\n<p>Openingsdata :<br><div itemprop=\"openingHoursSpecification\">Verhuur van 27 april tot 30 september<\/div><br><div itemprop=\"openingHoursSpecification\">Kamperen in de open lucht van 15 mei tot 30 september<\/div><\/p>\n<\/div><\/div>\n<\/div><\/div>\n\n\n\n<div class=\"wp-block-group accordeon\"><div class=\"wp-block-group__inner-container\">\n<p>Zijn er barbecues op de camping?<\/p>\n\n\n\n<div class=\"wp-container-69f0cfcc176da wp-block-group\"><div class=\"wp-block-group__inner-container\">\n<p>Op de camping zijn meerdere barbecues beschikbaar. Als u wilt, kunt u die zelf meenemen.<\/p>\n<\/div><\/div>\n<\/div><\/div>\n\n\n\n<div class=\"wp-block-group accordeon\"><div class=\"wp-block-group__inner-container\">\n<p>Accepteert u dieren?<\/p>\n\n\n\n<div class=\"wp-container-69f0cfcc179f8 wp-block-group\"><div class=\"wp-block-group__inner-container\">\n<p>Onze <a href=\"https:\/\/www.lepontdemazerat.com\/nl\/camping-sarlat-met-hond\/\">hondenvrienden zijn welkom op de camping bij Sarlat<\/a> als ze met uitzondering van honden van klasse 1 en 2, die verboden zijn. Vanaf de camping vertrekken verschillende wandelroutes voor hun dagelijkse wandeling.<strong> Huisdieren mogen niet alleen gelaten worden in de accommodatie<\/strong>. Wij willen u er ook aan herinneren dat eigenaren van huisdieren verplicht zijn hun huisdieren op te ruimen op de camping.<\/p>\n<\/div><\/div>\n<\/div><\/div>\n\n\n\n<div class=\"wp-block-group accordeon\"><div class=\"wp-block-group__inner-container\">\n<p>Is er wifi op de camping?<\/p>\n\n\n\n<div class=\"wp-container-69f0cfcc17d19 wp-block-group\"><div class=\"wp-block-group__inner-container\">\n<p>U vindt wifi op de hele camping. Vraag naar de toegangscodes bij de receptie of aan de bar.<\/p>\n<\/div><\/div>\n<\/div><\/div>\n\n\n\n<div class=\"wp-block-group accordeon\"><div class=\"wp-block-group__inner-container\">\n<p>Heeft de camping een wasserette?<\/p>\n\n\n\n<div class=\"wp-container-69f0cfcc18039 wp-block-group\"><div class=\"wp-block-group__inner-container\">\n<p>Twee wasmachines en een wasdroger zijn beschikbaar in het sanitairgebouw.<\/p>\n<\/div><\/div>\n<\/div><\/div>\n\n\n\n<div class=\"wp-block-group accordeon\"><div class=\"wp-block-group__inner-container\">\n<p>Hoe ver is de stad verwijderd van de dichtstbijzijnde supermarkt?<\/p>\n\n\n\n<div class=\"wp-container-69f0cfcc1833d wp-block-group\"><div class=\"wp-block-group__inner-container\">\n<p>De <strong>camping ligt op 10 minuten van Sarlat<\/strong> waar u verschillende supermarkten vindt. <\/p>\n<\/div><\/div>\n<\/div><\/div>\n\n\n\n<div class=\"wp-block-group accordeon\"><div class=\"wp-block-group__inner-container\">\n<p>Is er een brooddepot op de camping?<\/p>\n\n\n\n<div class=\"wp-container-69f0cfcc18652 wp-block-group\"><div class=\"wp-block-group__inner-container\">\n<p>Er is een gemakswinkel op het terrein met elke ochtend brood en gebak op bestelling.<\/p>\n<\/div><\/div>\n<\/div><\/div>\n\n\n\n<div class=\"wp-block-group accordeon\"><div class=\"wp-block-group__inner-container\">\n<p>Is er openbaar vervoer?<\/p>\n\n\n\n<div class=\"wp-container-69f0cfcc18975 wp-block-group\"><div class=\"wp-block-group__inner-container\">\n<p>We zijn gevestigd in een landelijk gebied. Er is geen openbaar vervoer. De auto is onmisbaar.<\/p>\n<\/div><\/div>\n<\/div><\/div>\n\n\n\n<div class=\"wp-block-group accordeon\"><div class=\"wp-block-group__inner-container\">\n<p>Wat zijn de openingstijden van de receptie?<\/p>\n\n\n\n<div class=\"wp-container-69f0cfcc18c95 wp-block-group\"><div class=\"wp-block-group__inner-container\">\n<p>De receptie is geopend van 9 tot 19 uur.<\/p>\n<\/div><\/div>\n<\/div><\/div>\n\n\n\n<h2 class=\"h3\" id=\"locations\">Verhuur<\/h2>\n\n\n\n<div class=\"wp-block-group accordeon\"><div class=\"wp-block-group__inner-container\">\n<p>Hoe laat kunnen we aankomen en vertrekken?<\/p>\n\n\n\n<div class=\"wp-container-69f0cfcc18ff3 wp-block-group\"><div class=\"wp-block-group__inner-container\">\n<p><a href=\"https:\/\/www.lepontdemazerat.com\/nl\/verhuur\/stacaravans-dordogne\/\">Stacaravans<\/a> zijn beschikbaar vanaf 16.00 uur en moeten om 10.00 uur worden verlaten.<\/p>\n<\/div><\/div>\n<\/div><\/div>\n\n\n\n<div class=\"wp-block-group accordeon\"><div class=\"wp-block-group__inner-container\">\n<p>Is er televisie in de huuraccommodaties?<\/p>\n\n\n\n<div class=\"wp-container-69f0cfcc192ff wp-block-group\"><div class=\"wp-block-group__inner-container\">\n<p>Onze accommodaties zijn niet uitgerust met een TV.<\/p>\n<\/div><\/div>\n<\/div><\/div>\n\n\n\n<div class=\"wp-block-group accordeon\"><div class=\"wp-block-group__inner-container\">\n<p>Zijn er lakens en handdoeken aanwezig?<\/p>\n\n\n\n<div class=\"wp-container-69f0cfcc196a4 wp-block-group\"><div class=\"wp-block-group__inner-container\">\n<p>Lakens worden niet verstrekt, maar u kunt ze huren, evenals handdoeken.<\/p>\n<\/div><\/div>\n<\/div><\/div>\n\n\n\n<h2 class=\"h3\" id=\"emplacements\">Locaties<\/h2>\n\n\n\n<div class=\"wp-block-group accordeon\"><div class=\"wp-block-group__inner-container\">\n<p>Vanaf hoe laat kunnen we ons op het veld opstellen?<\/p>\n\n\n\n<div class=\"wp-container-69f0cfcc199f8 wp-block-group\"><div class=\"wp-block-group__inner-container\">\n<p><a href=\"https:\/\/www.lepontdemazerat.com\/nl\/kampeerplaatsen-dordogne\/\">kampeerplaatsen<\/a> zijn beschikbaar vanaf 14.00 uur.<\/p>\n<\/div><\/div>\n<\/div><\/div>\n\n\n\n<div class=\"wp-block-group accordeon\"><div class=\"wp-block-group__inner-container\">\n<p>In hoeverre moet de site worden vrijgegeven?<\/p>\n\n\n\n<div class=\"wp-container-69f0cfcc19d0e wp-block-group\"><div class=\"wp-block-group__inner-container\">\n<p>De standplaats moet voor 12 uur vrij zijn.<\/p>\n<\/div><\/div>\n<\/div><\/div>\n\n\n\n<div class=\"wp-block-group accordeon\"><div class=\"wp-block-group__inner-container\">\n<p>Hoe groot zijn de velden?<\/p>\n\n\n\n<div class=\"wp-container-69f0cfcc1a02d wp-block-group\"><div class=\"wp-block-group__inner-container\">\n<p>Al onze standplaatsen zijn ongeveer 100 m\u00b2 groot.<\/p>\n<\/div><\/div>\n<\/div><\/div>\n\n\n\n<div class=\"wp-block-group accordeon\"><div class=\"wp-block-group__inner-container\">\n<p>Is er elektriciteit op de kampeerplaatsen?<\/p>\n\n\n\n<div class=\"wp-container-69f0cfcc1a375 wp-block-group\"><div class=\"wp-block-group__inner-container\">\n<p>Al onze plaatsen zijn voorzien van een elektrische aansluiting van 10 amp\u00e8re.<\/p>\n<\/div><\/div>\n<\/div><\/div>\n\n\n\n<div class=\"wp-block-group accordeon\"><div class=\"wp-block-group__inner-container\">\n<p>Moet ik een Europese stroomadapter meenemen?<\/p>\n\n\n\n<div class=\"wp-container-69f0cfcc1a6a2 wp-block-group\"><div class=\"wp-block-group__inner-container\">\n<p>Onze elektrische terminals zijn uitgerust met Franse stopcontacten van het E-type.<\/p>\n<\/div><\/div>\n<\/div><\/div>\n\n\n\n<div class=\"wp-block-group accordeon\"><div class=\"wp-block-group__inner-container\">\n<p>Zijn er staanplaatsen voor campers?<\/p>\n\n\n\n<div class=\"wp-container-69f0cfcc1aa32 wp-block-group\"><div class=\"wp-block-group__inner-container\">\n<p>Campers zijn toegestaan op de kampeerplaatsen. We hebben ook 2 plaatsen speciaal gereserveerd voor campers die maar \u00e9\u00e9n nacht willen blijven. (18.00 &#8211; 10.00 uur)<\/p>\n<\/div><\/div>\n<\/div><\/div>\n\n\n\n<h2 class=\"h3\" id=\"camping\">Camping<\/h2>\n\n\n\n<div class=\"wp-block-group accordeon\"><div class=\"wp-block-group__inner-container\">\n<p>Accepteert u de ANWB en ACSI kaart?<\/p>\n\n\n\n<div class=\"wp-container-69f0cfcc1adb5 wp-block-group\"><div class=\"wp-block-group__inner-container\">\n<p>We accepteren ze niet.<\/p>\n<\/div><\/div>\n<\/div><\/div>\n\n\n\n<div class=\"wp-block-group accordeon\"><div class=\"wp-block-group__inner-container\">\n<p>Welke betalingsmethoden worden geaccepteerd?<\/p>\n\n\n\n<div class=\"wp-container-69f0cfcc1b0f1 wp-block-group\"><div class=\"wp-block-group__inner-container\">\n<p>Wij accepteren betaling per creditcard, bankoverschrijving, cheques en contant geld.<\/p>\n<\/div><\/div>\n<\/div><\/div>\n\n\n\n<div class=\"wp-block-group accordeon\"><div class=\"wp-block-group__inner-container\">\n<p>Hoe online boeken?<\/p>\n\n\n\n<div class=\"wp-container-69f0cfcc1b420 wp-block-group\"><div class=\"wp-block-group__inner-container\">\n<p>Geen reden tot paniek. Kies uw verblijfsdata. Selecteer uw accommodatie en klik op reserveren. Volg dan de procedure.<\/p>\n\n\n\n<p>Als u problemen heeft, aarzel dan niet om contact met ons op te nemen.<\/p>\n<\/div><\/div>\n<\/div><\/div>\n\n\n\n<div class=\"wp-block-group accordeon\"><div class=\"wp-block-group__inner-container\">\n<p>Is er een annuleringsverzekering?<\/p>\n\n\n\n<div class=\"wp-container-69f0cfcc1b777 wp-block-group\"><div class=\"wp-block-group__inner-container\">\n<p>Wij werken samen met de FFCC (F\u00e9d\u00e9ration Fran\u00e7aise des Campeurs et des Camping-caristes). Vul het formulier in en stuur het naar de FFCC.<\/p>\n<\/div><\/div>\n<\/div><\/div>\n\n\n\n<div class=\"wp-block-group accordeon\"><div class=\"wp-block-group__inner-container\">\n<p>Accepteert u VACAF?<\/p>\n\n\n\n<div class=\"wp-container-69f0cfcc1bac4 wp-block-group\"><div class=\"wp-block-group__inner-container\">\n<p>We accepteren geen VACAF.<\/p>\n<\/div><\/div>\n<\/div><\/div>\n","protected":false},"excerpt":{"rendered":"<p>Vaak gestelde vragen Nog vragen? Wij reageren hierop Voor een ontspannen kampeervakantie in de buurt van Sarlat, hebben we de meest gestelde vragen en antwoorden op een rijtje gezet. Aarzel niet om contact met ons op te nemen via e-mail of per telefoon, als u uw vraag niet kunt vinden. We staan tot uw beschikking. [&hellip;]<\/p>\n","protected":false},"author":1,"featured_media":0,"parent":0,"menu_order":0,"comment_status":"closed","ping_status":"closed","template":"","meta":[],"acf":[],"_links":{"self":[{"href":"https:\/\/www.lepontdemazerat.com\/nl\/wp-json\/wp\/v2\/pages\/2192"}],"collection":[{"href":"https:\/\/www.lepontdemazerat.com\/nl\/wp-json\/wp\/v2\/pages"}],"about":[{"href":"https:\/\/www.lepontdemazerat.com\/nl\/wp-json\/wp\/v2\/types\/page"}],"author":[{"embeddable":true,"href":"https:\/\/www.lepontdemazerat.com\/nl\/wp-json\/wp\/v2\/users\/1"}],"replies":[{"embeddable":true,"href":"https:\/\/www.lepontdemazerat.com\/nl\/wp-json\/wp\/v2\/comments?post=2192"}],"version-history":[{"count":6,"href":"https:\/\/www.lepontdemazerat.com\/nl\/wp-json\/wp\/v2\/pages\/2192\/revisions"}],"predecessor-version":[{"id":4025,"href":"https:\/\/www.lepontdemazerat.com\/nl\/wp-json\/wp\/v2\/pages\/2192\/revisions\/4025"}],"wp:attachment":[{"href":"https:\/\/www.lepontdemazerat.com\/nl\/wp-json\/wp\/v2\/media?parent=2192"}],"curies":[{"name":"wp","href":"https:\/\/api.w.org\/{rel}","templated":true}]}}

<div class="wp-block-cover alignfull"><span aria-hidden="true" class="has-background-dim-60 wp-block-cover__gradient-background has-background-dim"></span><img loading="lazy" width="1967" height="1105" class="wp-block-cover__image-background wp-image-537" alt="FAQ camping bij sarlat in de dordogne" src="https://www.lepontdemazerat.com/wp-content/uploads/2022/12/drone-16-redim.jpg" data-object-fit="cover" srcset="https://www.lepontdemazerat.com/wp-content/uploads/2022/12/drone-16-redim.jpg 1967w, https://www.lepontdemazerat.com/wp-content/uploads/2022/12/drone-16-redim-300x169.jpg 300w, https://www.lepontdemazerat.com/wp-content/uploads/2022/12/drone-16-redim-1024x575.jpg 1024w, https://www.lepontdemazerat.com/wp-content/uploads/2022/12/drone-16-redim-768x431.jpg 768w, https://www.lepontdemazerat.com/wp-content/uploads/2022/12/drone-16-redim-1536x864.jpg 1536w, https://www.lepontdemazerat.com/wp-content/uploads/2022/12/drone-16-redim-1920x1080.jpg 1920w" sizes="(max-width: 1967px) 100vw, 1967px" /><div class="wp-block-cover__inner-container">
<p class="has-text-align-center has-large-font-size"></p>
</div></div>



<div class="wp-container-69f0cfcc17048 wp-block-group"><div class="wp-block-group__inner-container">
<h1 class="has-text-align-center has-noir-color has-text-color" id="foire-aux-questions-du-camping-proche-de-sarlat">Vaak gestelde vragen</h1>



<p class="has-text-align-center h3" id="une-question-nous-y-repondons">Nog vragen? Wij reageren hierop</p>



<p class="has-text-align-center">Voor een ontspannen <a href="https://www.lepontdemazerat.com/nl/">kampeervakantie in de buurt van Sarlat</a>, hebben we de<strong> meest gestelde vragen en antwoorden</strong> op een rijtje gezet.</p>



<p class="has-text-align-center">Aarzel niet om <strong>contact </strong>met ons op te nemen via <a href="https://www.lepontdemazerat.com/nl/contact/" data-type="page" data-id="93">e-mail</a> of per <a href="tel:+33553291495">telefoon</a>, als u uw vraag niet kunt vinden.</p>



<p class="has-text-align-center">We staan tot uw beschikking.</p>
</div></div>



<div class="wp-block-group accordeon"><div class="wp-block-group__inner-container">
<p>Wanneer is de camping open?</p>



<div class="wp-container-69f0cfcc17375 wp-block-group"><div class="wp-block-group__inner-container">
<p>Openingsdata :<br><div itemprop="openingHoursSpecification">Verhuur van 27 april tot 30 september</div><br><div itemprop="openingHoursSpecification">Kamperen in de open lucht van 15 mei tot 30 september</div></p>
</div></div>
</div></div>



<div class="wp-block-group accordeon"><div class="wp-block-group__inner-container">
<p>Zijn er barbecues op de camping?</p>



<div class="wp-container-69f0cfcc176da wp-block-group"><div class="wp-block-group__inner-container">
<p>Op de camping zijn meerdere barbecues beschikbaar. Als u wilt, kunt u die zelf meenemen.</p>
</div></div>
</div></div>



<div class="wp-block-group accordeon"><div class="wp-block-group__inner-container">
<p>Accepteert u dieren?</p>



<div class="wp-container-69f0cfcc179f8 wp-block-group"><div class="wp-block-group__inner-container">
<p>Onze <a href="https://www.lepontdemazerat.com/nl/camping-sarlat-met-hond/">hondenvrienden zijn welkom op de camping bij Sarlat</a> als ze met uitzondering van honden van klasse 1 en 2, die verboden zijn. Vanaf de camping vertrekken verschillende wandelroutes voor hun dagelijkse wandeling.<strong> Huisdieren mogen niet alleen gelaten worden in de accommodatie</strong>. Wij willen u er ook aan herinneren dat eigenaren van huisdieren verplicht zijn hun huisdieren op te ruimen op de camping.</p>
</div></div>
</div></div>



<div class="wp-block-group accordeon"><div class="wp-block-group__inner-container">
<p>Is er wifi op de camping?</p>



<div class="wp-container-69f0cfcc17d19 wp-block-group"><div class="wp-block-group__inner-container">
<p>U vindt wifi op de hele camping. Vraag naar de toegangscodes bij de receptie of aan de bar.</p>
</div></div>
</div></div>



<div class="wp-block-group accordeon"><div class="wp-block-group__inner-container">
<p>Heeft de camping een wasserette?</p>



<div class="wp-container-69f0cfcc18039 wp-block-group"><div class="wp-block-group__inner-container">
<p>Twee wasmachines en een wasdroger zijn beschikbaar in het sanitairgebouw.</p>
</div></div>
</div></div>



<div class="wp-block-group accordeon"><div class="wp-block-group__inner-container">
<p>Hoe ver is de stad verwijderd van de dichtstbijzijnde supermarkt?</p>



<div class="wp-container-69f0cfcc1833d wp-block-group"><div class="wp-block-group__inner-container">
<p>De <strong>camping ligt op 10 minuten van Sarlat</strong> waar u verschillende supermarkten vindt. </p>
</div></div>
</div></div>



<div class="wp-block-group accordeon"><div class="wp-block-group__inner-container">
<p>Is er een brooddepot op de camping?</p>



<div class="wp-container-69f0cfcc18652 wp-block-group"><div class="wp-block-group__inner-container">
<p>Er is een gemakswinkel op het terrein met elke ochtend brood en gebak op bestelling.</p>
</div></div>
</div></div>



<div class="wp-block-group accordeon"><div class="wp-block-group__inner-container">
<p>Is er openbaar vervoer?</p>



<div class="wp-container-69f0cfcc18975 wp-block-group"><div class="wp-block-group__inner-container">
<p>We zijn gevestigd in een landelijk gebied. Er is geen openbaar vervoer. De auto is onmisbaar.</p>
</div></div>
</div></div>



<div class="wp-block-group accordeon"><div class="wp-block-group__inner-container">
<p>Wat zijn de openingstijden van de receptie?</p>



<div class="wp-container-69f0cfcc18c95 wp-block-group"><div class="wp-block-group__inner-container">
<p>De receptie is geopend van 9 tot 19 uur.</p>
</div></div>
</div></div>



<h2 class="h3" id="locations">Verhuur</h2>



<div class="wp-block-group accordeon"><div class="wp-block-group__inner-container">
<p>Hoe laat kunnen we aankomen en vertrekken?</p>



<div class="wp-container-69f0cfcc18ff3 wp-block-group"><div class="wp-block-group__inner-container">
<p><a href="https://www.lepontdemazerat.com/nl/verhuur/stacaravans-dordogne/">Stacaravans</a> zijn beschikbaar vanaf 16.00 uur en moeten om 10.00 uur worden verlaten.</p>
</div></div>
</div></div>



<div class="wp-block-group accordeon"><div class="wp-block-group__inner-container">
<p>Is er televisie in de huuraccommodaties?</p>



<div class="wp-container-69f0cfcc192ff wp-block-group"><div class="wp-block-group__inner-container">
<p>Onze accommodaties zijn niet uitgerust met een TV.</p>
</div></div>
</div></div>



<div class="wp-block-group accordeon"><div class="wp-block-group__inner-container">
<p>Zijn er lakens en handdoeken aanwezig?</p>



<div class="wp-container-69f0cfcc196a4 wp-block-group"><div class="wp-block-group__inner-container">
<p>Lakens worden niet verstrekt, maar u kunt ze huren, evenals handdoeken.</p>
</div></div>
</div></div>



<h2 class="h3" id="emplacements">Locaties</h2>



<div class="wp-block-group accordeon"><div class="wp-block-group__inner-container">
<p>Vanaf hoe laat kunnen we ons op het veld opstellen?</p>



<div class="wp-container-69f0cfcc199f8 wp-block-group"><div class="wp-block-group__inner-container">
<p><a href="https://www.lepontdemazerat.com/nl/kampeerplaatsen-dordogne/">kampeerplaatsen</a> zijn beschikbaar vanaf 14.00 uur.</p>
</div></div>
</div></div>



<div class="wp-block-group accordeon"><div class="wp-block-group__inner-container">
<p>In hoeverre moet de site worden vrijgegeven?</p>



<div class="wp-container-69f0cfcc19d0e wp-block-group"><div class="wp-block-group__inner-container">
<p>De standplaats moet voor 12 uur vrij zijn.</p>
</div></div>
</div></div>



<div class="wp-block-group accordeon"><div class="wp-block-group__inner-container">
<p>Hoe groot zijn de velden?</p>



<div class="wp-container-69f0cfcc1a02d wp-block-group"><div class="wp-block-group__inner-container">
<p>Al onze standplaatsen zijn ongeveer 100 m² groot.</p>
</div></div>
</div></div>



<div class="wp-block-group accordeon"><div class="wp-block-group__inner-container">
<p>Is er elektriciteit op de kampeerplaatsen?</p>



<div class="wp-container-69f0cfcc1a375 wp-block-group"><div class="wp-block-group__inner-container">
<p>Al onze plaatsen zijn voorzien van een elektrische aansluiting van 10 ampère.</p>
</div></div>
</div></div>



<div class="wp-block-group accordeon"><div class="wp-block-group__inner-container">
<p>Moet ik een Europese stroomadapter meenemen?</p>



<div class="wp-container-69f0cfcc1a6a2 wp-block-group"><div class="wp-block-group__inner-container">
<p>Onze elektrische terminals zijn uitgerust met Franse stopcontacten van het E-type.</p>
</div></div>
</div></div>



<div class="wp-block-group accordeon"><div class="wp-block-group__inner-container">
<p>Zijn er staanplaatsen voor campers?</p>



<div class="wp-container-69f0cfcc1aa32 wp-block-group"><div class="wp-block-group__inner-container">
<p>Campers zijn toegestaan op de kampeerplaatsen. We hebben ook 2 plaatsen speciaal gereserveerd voor campers die maar één nacht willen blijven. (18.00 &#8211; 10.00 uur)</p>
</div></div>
</div></div>



<h2 class="h3" id="camping">Camping</h2>



<div class="wp-block-group accordeon"><div class="wp-block-group__inner-container">
<p>Accepteert u de ANWB en ACSI kaart?</p>



<div class="wp-container-69f0cfcc1adb5 wp-block-group"><div class="wp-block-group__inner-container">
<p>We accepteren ze niet.</p>
</div></div>
</div></div>



<div class="wp-block-group accordeon"><div class="wp-block-group__inner-container">
<p>Welke betalingsmethoden worden geaccepteerd?</p>



<div class="wp-container-69f0cfcc1b0f1 wp-block-group"><div class="wp-block-group__inner-container">
<p>Wij accepteren betaling per creditcard, bankoverschrijving, cheques en contant geld.</p>
</div></div>
</div></div>



<div class="wp-block-group accordeon"><div class="wp-block-group__inner-container">
<p>Hoe online boeken?</p>



<div class="wp-container-69f0cfcc1b420 wp-block-group"><div class="wp-block-group__inner-container">
<p>Geen reden tot paniek. Kies uw verblijfsdata. Selecteer uw accommodatie en klik op reserveren. Volg dan de procedure.</p>



<p>Als u problemen heeft, aarzel dan niet om contact met ons op te nemen.</p>
</div></div>
</div></div>



<div class="wp-block-group accordeon"><div class="wp-block-group__inner-container">
<p>Is er een annuleringsverzekering?</p>



<div class="wp-container-69f0cfcc1b777 wp-block-group"><div class="wp-block-group__inner-container">
<p>Wij werken samen met de FFCC (Fédération Française des Campeurs et des Camping-caristes). Vul het formulier in en stuur het naar de FFCC.</p>
</div></div>
</div></div>



<div class="wp-block-group accordeon"><div class="wp-block-group__inner-container">
<p>Accepteert u VACAF?</p>



<div class="wp-container-69f0cfcc1bac4 wp-block-group"><div class="wp-block-group__inner-container">
<p>We accepteren geen VACAF.</p>
</div></div>
</div></div>
